t p(u) = 4*a(u) + 3*o(u). Give p(-4).
8
Let q = -8 - -6. Let i(d) = -4*d**2 + d**2 - 1 + 2*d**2 - d + 2*d. Determine i(q).
-7
Suppose g - 2*g = -b, 0 = g + 2*b - 12. Suppose 2*m = g + 6. Let d(h) be the first derivative of -h**3/3 + 7*h**2/2 - 6*h - 3. Determine d(m).
4
Let k(m) = -3*m + 7. Let s(f) = -f**3 - 8*f**2 + 6. Let o be s(-8). Give k(o).
-11
Let w(c) = c**3 - 5*c**2 - 4*c + 3. Let m be (36/(-9))/(2/(-3)). Determine w(m).
15
Let x(w) = 6 + 2*w**3 + 2*w**2 - 3*w**3 - 3*w**2. Let r = -5 + 5. Determine x(r).
6
Let s(t) = -t**2 + 4*t - 6. Let x = -3 - -6. Suppose 5*w = -l + x*l + 18, 5*l = w + 1. Give s(w).
-6
Let w(z) be the first derivative of 15*z**4/4 - z**2 + z + 1. Suppose -4*j - 4 = -k - 7*j, 0 = -4*k - 2*j + 6. Calculate w(k).
14
Let q be (-30)/4 - (-1)/2. Let l(u) = -u**3 - 8*u**2 - 7*u. Let r be l(q). Let p(f) = -f**3 - 4. Give p(r).
-4
Let y(l) = l**2 + 5*l - 2. Let w be y(-6). Let q = -6 + w. Let h(d) = d**3 + 4*d**2 + 3*d + 1. Give h(q).
3
Let q = 2 - -1. Let f(s) = 3 + q*s + 2 + 5*s - 6. What is f(-1)?
-9
Let a(o) = o**2 - 5*o + 4. Let z = 0 - -5. What is a(z)?
4
Let f(p) = -4 + p**2 - 2 + 15*p - 11*p. Let k be f(-6). Let x(z) = -2*z + 5. What is x(k)?
-7
Suppose -11 = 4*z + 1. Let y(d) be the third derivative of -d**4/8 - 2*d**3/3 + 3*d**2. Determine y(z).
5
Let z(y) = -y + 2. Let c be z(3). Let d(i) = -3*i + 1 - 4 - 1 + 3. Let p(f) = -2*f - 1. Let m(q) = -4*d(q) + 5*p(q). Calculate m(c).
-3
Let q be (-10)/(-2) - (4 + -3). Suppose -20 = -q*h - 4*t, -h - 3*t + t + 2 = 0. Suppose 4*n + h + 16 = 0. Let p(v) = v**3 + 6*v**2 - 2*v - 8. What is p(n)?
4
Suppose -3*j + 3*t + 9 = 0, 4*j + 4*t - 5 = -1. Suppose 1 = -j*w + 5. Suppose 0 = -w*z + 6*z - 20. Let y(n) = n**3 - 6*n**2 + 6*n + 2. What is y(z)?
7
Let p(t) be the first derivative of -t**2 + 9*t - 15. Determine p(7).
-5
Let a(f) be the second derivative of 3/2*f**2 + 7*f + 0 - 1/6*f**3. Calculate a(-4).
7
Let y(r) = -r**3 - 2*r**2 + 6*r + 2. Suppose o + 7 = h, 0 + 5 = -5*o - 5*h. Give y(o).
10
Let j(t) = 17*t**2 - 2*t + 1. Let v(u) = 11*u**2 - u + 1. Let f(c) = -5*j(c) + 8*v(c). What is f(-2)?
11
Let h(y) = 5*y**2 - 10*y**2 - 1 + 0 + y**3. Suppose 2*u = -4 + 14. Give h(u).
-1
Let b(j) = -2*j + 3. Suppose -4 = -i - i. Let k(o) = -i*o - o + 9 - 3. Let z(u) = -5*b(u) + 3*k(u). Give z(-3).
0
Let l(v) = 9*v**2 - 13*v**2 + 5*v**2 + 4 + 9*v. What is l(-8)?
-4
Let z(n) = -1 + 20*n**2 + 3*n + 0*n - 5*n - 28*n**2. What is z(-1)?
-7
Let k = 4 + -3. Let g(r) = -2*r + k + 2 - 2. Let u be g(3). Let s(q) = -q - 2. Determine s(u).
3
Suppose 3*g - g = -12. Let k(o) = o**2 + 7*o + 4. Calculate k(g).
-2
Let i(b) = b - 9. Let s be ((-2)/(-6))/((-2)/(-48)). Let x be i(s). Let l(n) = n. What is l(x)?
-1
Let j(r) = r - 4. Let c = 14 - 18. Give j(c).
-8
Let r be ((-92)/24 + 4)*6. Let g(y) = -10*y**3 + 1. Calculate g(r).
-9
Suppose 5*w = 4*j, j + 3 - 24 = -4*w. Let b(a) be the second derivative of a**4/12 - a**3/3 - 7*a**2/2 + 2*a. What is b(j)?
8
Let d be 0 + -1 + (-1 - 1). Let g(s) = 1 - s - 5 + 0. Give g(d).
-1
Let n(i) = i + 11. Let l be n(-8). Let v = l - 2. Let z(a) = 2*a**2 - 2*a + 1. What is z(v)?
1
Let o(m) = -56*m**2 + 7 - 63*m**2 + 120*m**2 - 8*m. Determine o(7).
0
Let x(t) be the third derivative of -t**4/24 - t**3/6 + 5*t**2 - 6*t. Give x(5).
-6
Let m(h) = h**2 + 1. Let r(d) = 6*d**2 + 6. Let x(i) = -5*m(i) + r(i). What is x(1)?
2
Let h(v) = -v**2 - 2*v**2 - 2 + 2*v**2 - v**3 + 1. Suppose 0 = 5*i - 1 + 6. What is h(i)?
-1
Suppose 2*r - 6 = 4. Let n(h) = h**3 - 5*h**2 + h - 1. What is n(r)?
4
Let x(q) = -q**3 + 4*q**2 - 4*q - 1. Let n(c) = -2*c - 4. Let l be n(-3). Suppose -l*p + 14 = 3*k - p, k + 17 = 4*p. Give x(k).
-4
Let p(c) = -c - 1. Let l(d) = -d**2 + 5*d - 1. Let z = 1 + 4. Let f be l(z). Determine p(f).
0
Let h be -14 - -18 - ((-2)/(-1) - -5). Let v(n) = 1 + 0 + n**2 - 3. Give v(h).
7
Let c(m) = 3*m - 1 - m + 5. Suppose 0 = -3*k + 10 + 23. Suppose k = 4*t + 2*v - 9, -v = t - 7. Determine c(t).
10
Let p(m) = 3*m + 4. Let o(n) = -n**3 + 5*n**2 - 3*n + 1. Let a be o(5). Let d = 11 + a. Give p(d).
-5
Let a(c) = 5*c**3 + 8*c**2 + 4*c + 1. Let d(g) = -4*g**3 - 7*g**2 - 4*g. Let n(p) = 3*a(p) + 4*d(p). Give n(-4).
19
Let o(c) = 29*c + 15. Let r(p) = -6*p - 3. Let g(x) = -2*o(x) - 11*r(x). Calculate g(-2).
-13
Let k be 0 - ((-6)/2 - 0). Suppose 0*c - k = -c. Let m(u) = u - 4. Give m(c).
-1
Suppose 0 = -t - 0 - 6. Let q = t - -2. Let k(b) be the first derivative of -b**4/4 - b**3 + b**2 + 3*b - 4. Determine k(q).
11
Let q(g) = g**2 + 7*g - 5. Let w be q(-8). Let m(v) = 0 - v + 0 - 2 - 1. Give m(w).
-6
Suppose -g = -4*z + 1 + 30, -3 = -3*g. Let f(t) = -t + 14. Give f(z).
6
Let d(m) be the second derivative of m**6/720 - 5*m**4/6 + 3*m. Let g(f) be the third derivative of d(f). Calculate g(2).
2
Let c(y) = -y + 1. Let m = 10 - 16. Give c(m).
7
Let y = 33 - 32. Let k(m) = -3*m**2 - m. Give k(y).
-4
Let p be 1 + -3 + 4 + -1. Let z(n) = 8*n**3 - 1. Let u(v) = 41*v**3 - v - 5. Let f(s) = 2*u(s) - 11*z(s). What is f(p)?
-7
Let v(y) = -y**2 + 5*y - 4. Let t = -13 + 50. Let p be t/(-4) - (-9)/36. Let u be (-2)/p - 34/(-9). Determine v(u).
0
Let m(d) = -2*d - 3. Let k be m(-2). Let g(c) be the second derivative of -5*c**4/6 + c**3/6 + 10*c. What is g(k)?
-9
Let r = -14 - -9. Let i = r + 4. Let a(k) = -2*k**3 - k**2 - k - 1. Calculate a(i).
1
Let z(x) = 4*x**3 - x**3 + 3*x - 2*x**2 + 1 + x - 4*x**3. Give z(-3).
-2
Suppose -4*q = -q - 15. Let o(d) = 16*d + 135 - 31*d - 138 + d**2 + 11*d. Calculate o(q).
2
Let k(r) = r**3 - 5*r**2 - 6*r - 3. Suppose -4*z + g - 17 = -46, -2*z + 2*g = -10. Suppose b + q = 3 + z, 2*b - 2*q = 2. What is k(b)?
-3
Let a = -84 + 79. Let w(i) = -i**2 - 5*i - 3. Give w(a).
-3
Let n be ((-12)/(-8))/(3/(-4)). Let x = 6 + n. Suppose -b + x*q = -3 - 4, q = -2*b + 5. Let j(p) = -p + 3. What is j(b)?
0
Let a be (-1 + 1)/(-6 + 3). Let q(f) = f**2 + f - 12. What is q(a)?
-12
Let l = 3 - 2. Suppose -3*i + 2 = -l. Let o be i/(-2) + 11/2. Let g(b) = -b**2 + 5*b + 1. Give g(o).
1
Let m(j) = -j**3 - 2*j**2 - 3*j - 3. Suppose 5*s = 6 + 14. Suppose 2*h + 0*h = -s. Determine m(h).
3
Let i = 38 + -33. Let b(z) = -z**2 + 6*z + 3. Determine b(i).
8
Suppose -m + 0*m + 5 = 4*j, 5 = 4*m + j. Let f(t) = -m - 4*t + 3*t - 2. Suppose -5*z + 15 = -5*q, q - 2*z = -3*q - 12. Determine f(q).
0
Let n(t) = t**2. Let m(i) = 7*i**2 + 7*i + 6. Let q(b) = m(b) - 6*n(b). Calculate q(-5).
-4
Let k(i) = -i**2 - 3*i. Let f = -12 + 15. Determine k(f).
-18
Suppose 5*c - 1 = 4. Let u(g) = -5*g - 1. Determine u(c).
-6
Let u(p) = -4 - 2*p**2 + 0*p**2 - 3*p - p**3 - 3*p**2. Suppose -5*o - 15 = 5. What is u(o)?
-8
Let m(a) = -a + 1. Suppose 0 = -8*n + 3*n + 10. Let h = 8 - n. Let g be m(h). Let s(b) = b**2 + 3*b - 6. Calculate s(g).
4
Let t = 8 - 17. Let a be 32/48*t/1. Let s(f) = -f**3 - 7*f**2 - 7*f - 2. Give s(a).
4
Let t = 9 + -10. Let m(k) be the second derivative of 0 - 1/2*k**2 + k - 1/6*k**3. Determine m(t).
0
Let w(x) = 9*x - 2. Let k(m) = -5*m + 1. Let l(a) = 11*k(a) + 6*w(a). Suppose 3*i + 3*j - 12 = 0, -5*i + j - 4 = -i. Suppose 5*o - 18 - 2 = i. Give l(o).
-5
Suppose -4*n + 3 = -5*l - 12, 9 = -5*n - 3*l. Let a(i) = n*i + 0 + 2*i + 2. Calculate a(-2).
-2
Let l(h) = h**2 + 5*h - 2. Let r(c) = -3 + c + 3 + 3. Let p be r(-6). Calculate l(p).
-8
Let d(b) = 0*b + 4 - 8 - b + 3. Calculate d(3).
-4
Let t(k) = 1382 - 1382 + 3*k - 2*k. What is t(-5)?
-5
Let r(j) be the second derivative of j**5/20 + j**3/6 - j**2 + 3*j. Let u be r(0). Let y(z) = -2*z**2 - 3*z**2 - 3 + 2*z**2 - 4*z. Determine y(u).
-7
Let a = 12 - 6. Let k(n) = n**2 - 6*n + 3. Let o be k(a). Let w(x) = -3 - 4*x + o*x - x + 0*x + x**2. Determine w(4).
5
Let u(a) = a**3 + 5*a**2 + 3*a - 4. Let q be u(-3). Let v(j) = 1 + 2*j + 6*j - 13*j + j**2. Calculate v(q).
1
Let c be (-10 - 2)*(21/(-6))/(-7). Let b(w) = -6*w**2 - 12*w - 13. Let s(a) = -a**2 - a - 1. Let v(u) = b(u) - 5*s(u). What is v(c)?
-2
Let p(n) be the second derivative of -n**4/4 - n**3/2 - 3*n - 1. What is p(-2)?
-6
Let z(t) be the second derivative of 0*t**2 + 3*t + 0 + 1/6*t**3. Calculate z(3).
3
Let i(p) = -p - 1. Suppose s + 2*g = 8, 0*s + 26 = 3*s + 4*g. Let v be -1 - (0 + s/1). Let d = v + 15. Give i(d).
-5
Let m(c) = -5*c + 3. Let z(h) = -7*h + 4. Let d(i) = -5*m(i) + 4*z(i). Calculate